{"id":280,"date":"2016-09-06T15:33:17","date_gmt":"2016-09-06T13:33:17","guid":{"rendered":"http:\/\/www.usposabljanje-mentorjev.si\/?page_id=280"},"modified":"2017-01-13T09:17:33","modified_gmt":"2017-01-13T08:17:33","slug":"program-usposabljanja","status":"publish","type":"page","link":"https:\/\/www.usposabljanje-mentorjev.si\/index.php\/program-usposabljanja\/","title":{"rendered":"Program usposabljanja"},"content":{"rendered":"<h3><strong>Program usposabljanja mentorjev prakti\u010dnega usposabljanja z delom (PUD)<\/strong><br \/>\n<strong>RPK in SMU za mentorje dijakom<\/strong><\/h3>\n<table width=\"1461\">\n<tbody>\n<tr>\n<td style=\"text-align: center;\" width=\"100\"><strong>Razpored po dnevih<\/strong><\/td>\n<td style=\"text-align: center;\" width=\"100\"><strong>Ime vsebinskega sklopa<\/strong><\/td>\n<td style=\"text-align: center;\" width=\"800\"><strong>Tematski sklopi s cilji<\/strong><\/td>\n<td style=\"text-align: center;\" width=\"50\"><strong>\u0161t. ur predavanja<\/strong><\/td>\n<td style=\"text-align: center;\" width=\"50\"><strong>\u0161t. ur vaje<\/strong><\/td>\n<td style=\"text-align: center;\" width=\"50\"><strong>Skupaj \u0161tevilo kontaktnih ur<\/strong><\/td>\n<\/tr>\n<tr>\n<td style=\"text-align: center;\"><strong>1. dan <\/strong><\/p>\n<p><strong>(8 ur)<\/strong><\/td>\n<td style=\"text-align: center;\">RPK<\/td>\n<td width=\"491\"><strong>Razvojne zna\u010dilnosti mladostnika<\/strong><\/p>\n<ul>\n<li>Se seznanijo z razvojnimi zna\u010dilnostmi mladostni\u0161tva (adolescence); kaj je to, kdaj se za\u010dne \u2026<\/li>\n<li>Spoznajo razvoj identitete pri mladostnikih<\/li>\n<li>Spoznajo razvoj samopodobe pri mladostnikih; kako se oblikuje \u2026<\/li>\n<li>Spoznajo, kako samopodoba posameznika vpliva na njegovo delovanje v dru\u017ebi<\/li>\n<li>Spoznajo razvoj abstraktnega mi\u0161ljenja pri adolescentih<\/li>\n<li>Spoznajo vrednote mladostnikov ter kako se razvijajo glede na starost<\/li>\n<li>Primerjajo vrednote dru\u017ebe ter vrednote mladostnikov<\/li>\n<\/ul>\n<\/td>\n<td style=\"text-align: center;\">2<\/td>\n<td style=\"text-align: center;\">1<\/td>\n<td style=\"text-align: center;\">3<\/td>\n<\/tr>\n<tr>\n<td style=\"text-align: center;\"><\/td>\n<td style=\"text-align: center;\">RPK<\/td>\n<td width=\"491\"><strong>Komunikacija<\/strong><\/p>\n<ul>\n<li>Seznanijo se z definicijo ter vrstami komuniciranja<\/li>\n<li>Ocenjujejo pomen uspe\u0161nega komuniciranja med poslovne\u017ei in njihovimi strankami<\/li>\n<li>Spoznajo, kaj je poslovni pogovor ter njegove elemente<\/li>\n<li>Spoznajo razli\u010dne vrste neverbalne komunikacije<\/li>\n<li>Ugotavljajo vlogo zunanjega videza pri posredovanju nebesednih informacij<\/li>\n<li>Spoznajo ve\u0161\u010dine poslovnega sporazumevanja ter jih ocenjujejo (poslu\u0161anje, neposlu\u0161anje)<\/li>\n<li>Poglobijo zavest o pomenu uporabe poslovnega bontona<\/li>\n<li>Uporabljajo ustrezno strokovno izrazoslovje<\/li>\n<li>Spoznajo osnove ter potek predstavitve<\/li>\n<li>Spoznajo zna\u010dilnosti poslovnega sestanka<\/li>\n<li>Ugotavljajo, katere ve\u0161\u010dine poslovnega komuniciranja je treba posredovati mladostnikom ter na kak\u0161en na\u010din<\/li>\n<\/ul>\n<\/td>\n<td style=\"text-align: center;\">3<\/td>\n<td style=\"text-align: center;\">\u00a02<\/td>\n<td style=\"text-align: center;\">5<\/td>\n<\/tr>\n<tr>\n<td style=\"text-align: center;\"><strong>2. dan <\/strong><\/p>\n<p><strong>(8 ur)<\/strong><\/td>\n<td style=\"text-align: center;\">SMU<\/td>\n<td width=\"491\"><strong>Na\u010drtovanje u\u010dnega procesa v delavnem okolju<\/strong><\/p>\n<ul>\n<li>Vloga in naloge mentorja (na\u010drtovanje u\u010dnega procesa, u\u010dne oblike in metode u\u010denja)<\/li>\n<li>Sodobne metode u\u010denja in pou\u010devanja na PUD-u<\/li>\n<li>Didakti\u010dna na\u010dela<\/li>\n<\/ul>\n<\/td>\n<td style=\"text-align: center;\">2<\/td>\n<td style=\"text-align: center;\">2<\/td>\n<td style=\"text-align: center;\">4<\/td>\n<\/tr>\n<tr>\n<td><\/td>\n<td style=\"text-align: center;\">SMU<\/td>\n<td width=\"491\"><strong>Izobra\u017eevalni sistem v RS<\/strong><\/p>\n<ul>\n<li>Seznanijo se z izobra\u017eevalnim sistemom v programih NPI, SPI, SSI in PTI (poklicni standardi, izobra\u017eevalni programi, katalogi znanj, izpitni katalogi ZI in POM)<\/li>\n<li>Seznanijo se z zakonodajo na podro\u010dju PUD-a (pravice in dol\u017enosti dijakov, obveznosti delodajalcev)<\/li>\n<\/ul>\n<\/td>\n<td style=\"text-align: center;\">1<\/td>\n<td style=\"text-align: center;\">1<\/td>\n<td style=\"text-align: center;\">2<\/td>\n<\/tr>\n<tr>\n<td><\/td>\n<td style=\"text-align: center;\">SMU<\/td>\n<td width=\"491\"><strong>Ergodidaktika<\/strong><\/p>\n<ul>\n<li>Spoznajo splo\u0161ne cilje PUD-a (motivacija za delo, kreativnost dijakov, ukrepi za varno delo, na\u010drtovanje dijakovega dela \u2026)<\/li>\n<li>Refleksija mentorjevega dela in evalvacija PUD-a<\/li>\n<\/ul>\n<\/td>\n<td style=\"text-align: center;\">1<\/td>\n<td style=\"text-align: center;\">1<\/td>\n<td style=\"text-align: center;\">2<\/td>\n<\/tr>\n<tr>\n<td style=\"text-align: center;\"><strong>3. dan <\/strong><\/p>\n<p><strong>(8 ur)<\/strong><\/td>\n<td style=\"text-align: center;\">RPK<\/td>\n<td width=\"491\"><strong>Psiholo\u0161ke osnove u\u010denja in pou\u010devanja<\/strong><\/p>\n<ul>\n<li>Seznanijo se z procesom u\u010denja, kako poteka, vrste spomina \u2026<\/li>\n<li>Spoznajo na\u010dine za bolj u\u010dinkovito u\u010denje<\/li>\n<li>Spoznajo kaj vpliva na pozabljanje (kakovostne in koli\u010dinske spremembe)<\/li>\n<li>\u00a0Posku\u0161ajo na lastnih izku\u0161njah ugotoviti, kaj vpliva na pozabljanje<\/li>\n<li>Ugotavljajo, kako na u\u010denje vplivajo razli\u010dni dejavniki, kot so: motivacija, \u010dustva, dru\u017eina, umske in druge sposobnosti, u\u010dni stili, drugi dejavniki okolja in posameznika \u2026<\/li>\n<li>Spoznajo vrste u\u010dnih stilov; spoznajo strategije za bolj\u0161e u\u010denje<\/li>\n<li>Seznanijo se s\u00a0temeljnimi kompetencami vse\u017eivljenjskega u\u010denja<\/li>\n<\/ul>\n<\/td>\n<td style=\"text-align: center;\">2<\/td>\n<td style=\"text-align: center;\">2<\/td>\n<td style=\"text-align: center;\">4<\/td>\n<\/tr>\n<tr>\n<td><\/td>\n<td style=\"text-align: center;\">SMU<\/td>\n<td width=\"491\"><strong>Predstavitev projektnih nalog<\/strong><\/td>\n<td><\/td>\n<td style=\"text-align: center;\">4<\/td>\n<td style=\"text-align: center;\">4<\/td>\n<\/tr>\n<tr>\n<td style=\"text-align: right; background: #f18a41;\"><strong>Skupaj<\/strong><\/td>\n<td style=\"background: #f18a41;\"><\/td>\n<td style=\"background: #f18a41;\"><\/td>\n<td style=\"background: #f18a41;\"><\/td>\n<td style=\"background: #f18a41;\"><\/td>\n<td style=\"text-align: right; background: #f18a41;\"><strong>24<\/strong><\/td>\n<\/tr>\n<\/tbody>\n<\/table>\n<p style=\"text-align: justify;\">Usposabljanje bo izvedeno v treh delovnih dneh. Med drugim in tretjim dnem bo vsaj 1 teden \u010dasovnega razmika, v katerem bodo udele\u017eenci izdelali projektno nalogo. Projektno nalogo bodo predstavili na zadnjem sre\u010danju (3. dan).<\/p>\n<p><strong>Samostojno delo udele\u017eencev (26 ur):<\/strong><br \/>\nUdele\u017eenec na koncu izdela projektno nalogo iz ene od tem vsebinskega sklopa. Za izdelavo projektne naloge se predvideva 26 ur samostojnega dela. Udele\u017eenec izmed predlaganih naslovov projektnih nalog izbere en naslov, lahko pa v dogovoru s predavateljem izbere tudi temo po svoji izbiri. Za udele\u017eence usposabljanja bodo organizirane konzultacije (govorilne ure, kontakti preko elektronske po\u0161te, telefona\u2026), ki jih bodo izvajali predavatelji, ki bodo tudi mentorji za izdelavo projektnih nalog. Svetovanje in podporo bodo nudili predavatelji, ki bodo usposabljali dolo\u010deno skupino mentorjev. Tako bo zagotovljen osebni pristop, saj bo udele\u017eencem predavatelj znan in bodo la\u017eje navezali stik. Predavatelji bodo udele\u017eencem vnaprej sporo\u010dili termine, ko bodo na voljo za telefonske konzultacije, po potrebi pa se bodo dogovorili tudi za osebne konzultacije. Predavatelji bodo dostopni tudi po elektronski po\u0161ti za vsa vpra\u0161anja in strokovno pomo\u010d. Dobra podpora udele\u017eencem bo tudi \u017ee narejeno e-gradivo, namenjeno usposabljanju mentorjev, ki je dostopno na spletni strani Obrtno-podjetni\u0161ke zbornice Slovenije. Gradivo slu\u017ei kot pomo\u010d pri samostojnem delu in izdelavi projektne naloge.<\/p>\n<p>&nbsp;<\/p>\n<table width=\"185\">\n<tbody>\n<tr>\n<td><\/td>\n<\/tr>\n<\/tbody>\n<\/table>\n<h3><\/h3>\n<h3><strong>Program usposabljanja mentorjev prakti\u010dnega izobra\u017eevanja (PRI)<br \/>\nRPK in SPI za mentorje \u0161tudentom<\/strong><\/h3>\n<table width=\"1461\">\n<tbody>\n<tr>\n<td style=\"text-align: center;\" width=\"100\"><strong>Razpored po dnevih<\/strong><\/td>\n<td style=\"text-align: center;\" width=\"100\"><strong>Ime vsebinskega sklopa<\/strong><\/td>\n<td style=\"text-align: center;\" width=\"800\"><strong>Tematski sklopi s cilji<\/strong><\/td>\n<td style=\"text-align: center;\" width=\"50\"><strong>\u0161t. ur predavanja<\/strong><\/td>\n<td style=\"text-align: center;\" width=\"50\"><strong>\u0161t. ur vaje<\/strong><\/td>\n<td style=\"text-align: center;\" width=\"50\"><strong>Skupaj \u0161tevilo kontaktnih ur<\/strong><\/td>\n<\/tr>\n<tr>\n<td style=\"text-align: center;\"><strong>1. dan <\/strong><\/p>\n<p><strong>(8 ur)<\/strong><\/td>\n<td style=\"text-align: center;\">RPK<\/td>\n<td width=\"491\"><strong>Razvojne zna\u010dilnosti mladostnika<\/strong><\/p>\n<ul>\n<li>Se seznanijo z razvojnimi zna\u010dilnostmi mladostni\u0161tva (adolescence); kaj je to, kdaj se za\u010dne \u2026<\/li>\n<li>Spoznajo razvoj identitete pri mladostnikih<\/li>\n<li>Spoznajo razvoj samopodobe pri mladostnikih; kako se oblikuje \u2026<\/li>\n<li>Spoznajo, kako samopodoba posameznika vpliva na njegovo delovanje v dru\u017ebi<\/li>\n<li>Spoznajo razvoj abstraktnega mi\u0161ljenja pri adolescentih<\/li>\n<li>Spoznajo vrednote mladostnikov ter kako se razvijajo glede na starost<\/li>\n<li>Primerjajo vrednote dru\u017ebe ter vrednote mladostnikov<\/li>\n<\/ul>\n<\/td>\n<td style=\"text-align: center;\">2<\/td>\n<td style=\"text-align: center;\">1<\/td>\n<td style=\"text-align: center;\">3<\/td>\n<\/tr>\n<tr>\n<td style=\"text-align: center;\"><\/td>\n<td style=\"text-align: center;\">RPK<\/td>\n<td width=\"491\"><strong>Komunikacija<\/strong><\/p>\n<ul>\n<li>Seznanijo se z definicijo ter vrstami komuniciranja<\/li>\n<li>Ocenjujejo pomen uspe\u0161nega komuniciranja med poslovne\u017ei in njihovimi strankami<\/li>\n<li>Spoznajo, kaj je poslovni pogovor ter njegove elemente<\/li>\n<li>Spoznajo razli\u010dne vrste neverbalne komunikacije<\/li>\n<li>Ugotavljajo vlogo zunanjega videza pri posredovanju nebesednih informacij<\/li>\n<li>Spoznajo ve\u0161\u010dine poslovnega sporazumevanja ter jih ocenjujejo (poslu\u0161anje, neposlu\u0161anje)<\/li>\n<li>Poglobijo zavest o pomenu uporabe poslovnega bontona<\/li>\n<li>Uporabljajo ustrezno strokovno izrazoslovje<\/li>\n<li>Spoznajo osnove ter potek predstavitve<\/li>\n<li>Spoznajo zna\u010dilnosti poslovnega sestanka<\/li>\n<li>Ugotavljajo, katere ve\u0161\u010dine poslovnega komuniciranja je treba posredovati mladostnikom ter na kak\u0161en na\u010din<\/li>\n<\/ul>\n<\/td>\n<td style=\"text-align: center;\">3<\/td>\n<td style=\"text-align: center;\">2<\/td>\n<td style=\"text-align: center;\">5<\/td>\n<\/tr>\n<tr>\n<td style=\"text-align: center;\"><strong>2. dan <\/strong><\/p>\n<p><strong>(8 ur)<\/strong><\/td>\n<td style=\"text-align: center;\">SPI<\/td>\n<td width=\"491\"><strong>Na\u010drtovanje u\u010dnega procesa v delovnem okolju<\/strong><\/p>\n<ul>\n<li>Vloga in naloge mentorja (na\u010drtovanje u\u010dnega procesa, u\u010dne oblike in metode u\u010denja)<\/li>\n<li>Sodobne metode u\u010denja in pou\u010devanja na PUD-u<\/li>\n<li>Didakti\u010dna na\u010dela<\/li>\n<\/ul>\n<\/td>\n<td style=\"text-align: center;\">2<\/td>\n<td style=\"text-align: center;\">2<\/td>\n<td style=\"text-align: center;\">4<\/td>\n<\/tr>\n<tr>\n<td><\/td>\n<td style=\"text-align: center;\">SPI<\/td>\n<td width=\"491\"><strong>Izobra\u017eevalni sistem v RS<\/strong><\/p>\n<ul>\n<li>Seznanijo se z izobra\u017eevalnim sistemom v programih NPI, SPI, SSI in PTI (poklicni standardi, izobra\u017eevalni programi, katalogi znanj, izpitni katalogi ZI in POM)<\/li>\n<li>Seznanijo se z zakonodajo na podro\u010dju PUD-a (pravice in dol\u017enosti dijakov,<br \/>\nobveznosti delodajalcev)<\/li>\n<\/ul>\n<\/td>\n<td style=\"text-align: center;\">1<\/td>\n<td style=\"text-align: center;\">1<\/td>\n<td style=\"text-align: center;\">2<\/td>\n<\/tr>\n<tr>\n<td><\/td>\n<td style=\"text-align: center;\">SPI<\/td>\n<td width=\"491\"><strong>Ergodidaktika<\/strong><\/p>\n<ul>\n<li>Spoznajo splo\u0161ne cilje PUD-a (motivacija za delo, kreativnost dijakov, ukrepi za varno delo, na\u010drtovanje dijakovega dela \u2026)<\/li>\n<li>Refleksija mentorjevega dela in evalvacija PUD-a<\/li>\n<\/ul>\n<\/td>\n<td style=\"text-align: center;\">1<\/td>\n<td style=\"text-align: center;\">1<\/td>\n<td style=\"text-align: center;\">2<\/td>\n<\/tr>\n<tr>\n<td style=\"text-align: center;\"><strong>3. dan <\/strong><\/p>\n<p><strong>(8 ur)<\/strong><\/td>\n<td style=\"text-align: center;\">RPK<\/td>\n<td width=\"491\"><strong>Psiholo\u0161ke osnove u\u010denja in pou\u010devanja<\/strong><\/p>\n<ul>\n<li>Seznanijo se z procesom u\u010denja, kako poteka, vrste spomina \u2026<\/li>\n<li>Spoznajo na\u010dine za bolj u\u010dinkovito u\u010denje<\/li>\n<li>Spoznajo kaj vpliva na pozabljanje (kakovostne in koli\u010dinske spremembe)<\/li>\n<li>Posku\u0161ajo na lastnih izku\u0161njah ugotoviti, kaj vpliva na pozabljanje<\/li>\n<li>Ugotavljajo, kako na u\u010denje vplivajo razli\u010dni dejavniki, kot so: motivacija, \u010dustva, dru\u017eina, umske in druge sposobnosti, u\u010dni stili, drugi dejavniki okolja in posameznika \u2026<\/li>\n<li>Spoznajo vrste u\u010dnih stilov<\/li>\n<li>Spoznajo strategije za bolj\u0161e u\u010denje<\/li>\n<li>Seznanijo se z temeljnimi kompetencami vse\u017eivljenjskega u\u010denja<\/li>\n<\/ul>\n<\/td>\n<td style=\"text-align: center;\">2<\/td>\n<td style=\"text-align: center;\">2<\/td>\n<td style=\"text-align: center;\">4<\/td>\n<\/tr>\n<tr>\n<td><\/td>\n<td style=\"text-align: center;\">SPI<\/td>\n<td width=\"491\"><strong>Predstavitev projektnih nalog<\/strong><\/td>\n<td><\/td>\n<td style=\"text-align: center;\">4<\/td>\n<td style=\"text-align: center;\">4<\/td>\n<\/tr>\n<tr>\n<td style=\"text-align: right; background: #f18a41;\"><strong>Skupaj<\/strong><\/td>\n<td style=\"background: #f18a41;\"><\/td>\n<td style=\"background: #f18a41;\"><\/td>\n<td style=\"background: #f18a41;\"><\/td>\n<td style=\"background: #f18a41;\"><\/td>\n<td style=\"text-align: right; background: #f18a41;\"><strong>24<\/strong><\/td>\n<\/tr>\n<\/tbody>\n<\/table>\n<p style=\"text-align: justify;\">\u00a0Usposabljanje bo izvedeno v treh delovnih dneh. Med drugim in tretjim dnem bo vsaj 1 teden \u010dasovnega razmika, v katerem bodo udele\u017eenci izdelali projektno nalogo. Projektno nalogo bodo predstavili na zadnjem sre\u010danju (3. dan).<\/p>\n<p style=\"text-align: justify;\"><strong>Samostojno delo udele\u017eencev (36 ur):<\/strong><br \/>\nUdele\u017eenec na koncu izdela projektno nalogo iz ene od tem vsebinskega sklopa. Za izdelavo projektne naloge se predvideva 36 ur samostojnega dela. Udele\u017eenec izmed predlaganih naslovov projektnih nalog izbere en naslov, lahko pa v dogovoru s predavateljem izbere tudi temo po svoji izbiri. Za udele\u017eence usposabljanja bodo organizirane konzultacije (govorilne ure, kontakti preko elektronske po\u0161te, telefona\u2026), ki jih bodo izvajali predavatelji, ki bodo tudi mentorji za izdelavo projektnih nalog. Svetovanje in podporo bodo nudili predavatelji, ki bodo usposabljali dolo\u010deno skupino mentorjev. Tako bo zagotovljen osebni pristop, saj bo udele\u017eencem predavatelj znan in bodo la\u017eje navezali stik. Predavatelji bodo udele\u017eencem vnaprej sporo\u010dili termine, ko bodo na voljo za telefonske konzultacije, po potrebi pa se bodo dogovorili tudi za osebne konzultacije. Predavatelji bodo dostopni tudi po elektronski po\u0161ti za vsa vpra\u0161anja in strokovno pomo\u010d. Dobra podpora udele\u017eencem bo tudi \u017ee narejeno e-gradivo, namenjeno usposabljanju mentorjev, ki je dostopno na spletni strani Obrtno-podjetni\u0161ke zbornice Slovenije. Gradivo slu\u017ei kot pomo\u010d pri samostojnem delu in izdelavi projektne naloge.<\/p>\n<p>&nbsp;<\/p>\n","protected":false},"excerpt":{"rendered":"<p>Program usposabljanja mentorjev prakti\u010dnega usposabljanja z delom (PUD) RPK in SMU za mentorje dijakom Razpored po dnevih Ime vsebinskega sklopa Tematski sklopi s cilji \u0161t. ur predavanja \u0161t. ur vaje Skupaj \u0161tevilo kontaktnih ur 1. dan (8 ur) RPK Razvojne zna\u010dilnosti mladostnika Se seznanijo z razvojnimi zna\u010dilnostmi mladostni\u0161tva (adolescence); kaj je to, kdaj se za\u010dne [&hellip;]<\/p>\n","protected":false},"author":2,"featured_media":0,"parent":0,"menu_order":0,"comment_status":"closed","ping_status":"closed","template":"","meta":[],"_links":{"self":[{"href":"https:\/\/www.usposabljanje-mentorjev.si\/index.php\/wp-json\/wp\/v2\/pages\/280"}],"collection":[{"href":"https:\/\/www.usposabljanje-mentorjev.si\/index.php\/wp-json\/wp\/v2\/pages"}],"about":[{"href":"https:\/\/www.usposabljanje-mentorjev.si\/index.php\/wp-json\/wp\/v2\/types\/page"}],"author":[{"embeddable":true,"href":"https:\/\/www.usposabljanje-mentorjev.si\/index.php\/wp-json\/wp\/v2\/users\/2"}],"replies":[{"embeddable":true,"href":"https:\/\/www.usposabljanje-mentorjev.si\/index.php\/wp-json\/wp\/v2\/comments?post=280"}],"version-history":[{"count":27,"href":"https:\/\/www.usposabljanje-mentorjev.si\/index.php\/wp-json\/wp\/v2\/pages\/280\/revisions"}],"predecessor-version":[{"id":8407,"href":"https:\/\/www.usposabljanje-mentorjev.si\/index.php\/wp-json\/wp\/v2\/pages\/280\/revisions\/8407"}],"wp:attachment":[{"href":"https:\/\/www.usposabljanje-mentorjev.si\/index.php\/wp-json\/wp\/v2\/media?parent=280"}],"curies":[{"name":"wp","href":"https:\/\/api.w.org\/{rel}","templated":true}]}}