{"id":68,"date":"2016-08-31T18:46:27","date_gmt":"2016-08-31T17:46:27","guid":{"rendered":"http:\/\/267.gvs.arnes.si\/Projekt\/?page_id=68"},"modified":"2017-11-15T11:33:29","modified_gmt":"2017-11-15T10:33:29","slug":"termini-2017","status":"publish","type":"page","link":"https:\/\/www.usposabljanje-mentorjev.si\/index.php\/termini-2017\/","title":{"rendered":"Termini izvajanja po regijah 2017"},"content":{"rendered":"<p>&nbsp;<\/p>\n<p>&nbsp;<\/p>\n<table width=\"751\">\n<tbody>\n<tr>\n<td style=\"text-align: center;\" colspan=\"7\" width=\"751\">IZVEDBA USPOSABLJANJ MENTORJEV (najmanj tridnevna usposabljanja) za skupno 2500 mentorjev.<\/td>\n<\/tr>\n<tr>\n<td colspan=\"5\" width=\"414\"><strong>Statisti\u010dna regija in kraj izvajanja<\/strong><\/td>\n<td style=\"text-align: center;\" width=\"197\"><strong>Konzorcijski partner<\/strong><\/td>\n<td style=\"text-align: center;\" width=\"140\"><strong>Leto 2017<\/strong><\/td>\n<\/tr>\n<tr>\n<td colspan=\"7\" width=\"751\"><strong>VZHODNA KOHEZIJSKA REGIJA (za skupno 1325 mentorjev)<\/strong><\/td>\n<\/tr>\n<tr>\n<td colspan=\"5\"><strong>01 Pomurska<\/strong><\/td>\n<td><\/td>\n<td><\/td>\n<\/tr>\n<tr>\n<td>1.<\/td>\n<td colspan=\"4\" width=\"350\">Terme 3000, Krajn\u010deva 12, 9226 Moravske toplice<\/td>\n<td>S\u0160GT Maribor<\/td>\n<td>TERMIN ZAPOLNJEN!<\/td>\n<\/tr>\n<tr>\n<td>2.<\/td>\n<td colspan=\"4\" width=\"350\">OOZ Murska Sobota, Lendavska 33, 9000 Murska Sobota<\/td>\n<td>OZS<\/td>\n<td><\/td>\n<\/tr>\n<tr>\n<td>3.<\/td>\n<td colspan=\"4\" width=\"350\">DS\u0160 LENDAVA, Kolodvorska ulica 2e, 9220 Lendava<\/td>\n<td>\u0160C Ptuj<\/td>\n<td><\/td>\n<\/tr>\n<tr>\n<td>4.<\/td>\n<td colspan=\"4\" width=\"350\">MIC &#8211; SPT\u0160 Murska Sobota, \u0160olsko naselje 12, 9000 Murska Sobota<\/td>\n<td>\u0160C Ptuj<\/td>\n<td><\/td>\n<\/tr>\n<tr>\n<td>5.<\/td>\n<td colspan=\"4\" width=\"350\">MIC &#8211; SPT\u0160 Murska Sobota, \u0160olsko naselje 12, 9000 Murska Sobota<\/td>\n<td>\u0160C Ptuj<\/td>\n<td><\/td>\n<\/tr>\n<tr>\n<td>6.<\/td>\n<td colspan=\"4\" width=\"350\">DS\u0160 LENDAVA,Kolodvorska ulica 2e, 9220 Lendava<\/td>\n<td>\u0160C Ptuj<\/td>\n<td><\/td>\n<\/tr>\n<tr>\n<td>7.<\/td>\n<td colspan=\"4\" width=\"350\">PGZ Lendavska 5a, 9000 Murska Sobota<\/td>\n<td>GZS<\/td>\n<td><\/td>\n<\/tr>\n<tr>\n<td>8.<\/td>\n<td colspan=\"4\" width=\"350\">PGZ Lendavska 5a, 9000 Murska Sobota<\/td>\n<td>GZS<\/td>\n<td><\/td>\n<\/tr>\n<tr>\n<td colspan=\"5\"><strong>02 Podravska<\/strong><\/td>\n<td><\/td>\n<td><\/td>\n<\/tr>\n<tr>\n<td>9.<\/td>\n<td colspan=\"4\" width=\"350\">Park mladih 3, 2000 Maribor<\/td>\n<td>IC Piramida<\/td>\n<td>\u00a0TERMIN ZAPOLNJEN!<\/td>\n<\/tr>\n<tr>\n<td>10.<\/td>\n<td colspan=\"4\" width=\"350\">Park mladih 3, 2000 Maribor<\/td>\n<td>IC Piramida<\/td>\n<td>TERMIN ZAPOLNJEN!<\/td>\n<\/tr>\n<tr>\n<td>11.<\/td>\n<td colspan=\"4\" width=\"350\">Park mladih 3, 2000 Maribor<\/td>\n<td>IC Piramida<\/td>\n<td><\/td>\n<\/tr>\n<tr>\n<td>12.<\/td>\n<td colspan=\"4\" width=\"350\">Park mladih 3, 2000 Maribor<\/td>\n<td>IC Piramida<\/td>\n<td><\/td>\n<\/tr>\n<tr>\n<td>13.<\/td>\n<td colspan=\"4\" width=\"350\">Park mladih 3, 2000 Maribor<\/td>\n<td>IC Piramida<\/td>\n<td><\/td>\n<\/tr>\n<tr>\n<td>14.<\/td>\n<td colspan=\"4\" width=\"350\">Park mladih 3, 2000 Maribor<\/td>\n<td>IC Piramida<\/td>\n<td><\/td>\n<\/tr>\n<tr>\n<td>15.<\/td>\n<td colspan=\"4\" width=\"350\">Park mladih 3, 2000 Maribor<\/td>\n<td>IC Piramida<\/td>\n<td><\/td>\n<\/tr>\n<tr>\n<td>16.<\/td>\n<td colspan=\"4\" width=\"350\">Park mladih 3, 2000 Maribor<\/td>\n<td>IC Piramida<\/td>\n<td><\/td>\n<\/tr>\n<tr>\n<td>17.<\/td>\n<td colspan=\"4\" width=\"350\">Park mladih 3, 2000 Maribor<\/td>\n<td>IC Piramida<\/td>\n<td><\/td>\n<\/tr>\n<tr>\n<td>18.<\/td>\n<td colspan=\"4\" width=\"350\">Park mladih 3, 2000 Maribor<\/td>\n<td>IC Piramida<\/td>\n<td><\/td>\n<\/tr>\n<tr>\n<td>19.<\/td>\n<td colspan=\"4\" width=\"350\">Titova cesta 60, 2000 Maribor<\/td>\n<td>\u0160C Slovenske Konjice-Zre\u010de<\/td>\n<td>TERMIN ZAPOLNJEN!<\/td>\n<\/tr>\n<tr>\n<td>20.<\/td>\n<td colspan=\"4\" width=\"350\">Tom\u0161i\u010deva ulica 9, 2310 Slovenska Bistrica<\/td>\n<td>\u0160C Slovenske Konjice-Zre\u010de<\/td>\n<td><\/td>\n<\/tr>\n<tr>\n<td>21.<\/td>\n<td colspan=\"4\" width=\"350\">Mladinska ulica 14 a, 2000 Maribor<\/td>\n<td>S\u0160GT Maribor<\/td>\n<td><\/td>\n<\/tr>\n<tr>\n<td>22.<\/td>\n<td colspan=\"4\" width=\"350\">Mladinska ulica 14 a, 2000 Maribor<\/td>\n<td>S\u0160GT Maribor<\/td>\n<td>TERMIN ZAPOLNJEN!<\/td>\n<\/tr>\n<tr>\n<td>23.<\/td>\n<td colspan=\"4\" width=\"350\">Mladinska ulica 14 a, 2000 Maribor<\/td>\n<td>S\u0160GT Maribor<\/td>\n<td><\/td>\n<\/tr>\n<tr>\n<td>24.<\/td>\n<td colspan=\"4\" width=\"350\">Mladinska ulica 14 a, 2000 Maribor<\/td>\n<td>S\u0160GT Maribor<\/td>\n<td><\/td>\n<\/tr>\n<tr>\n<td>25.<\/td>\n<td colspan=\"4\" width=\"350\">Mladinska ulica 14 a, 2000 Maribor<\/td>\n<td>S\u0160GT Maribor<\/td>\n<td><\/td>\n<\/tr>\n<tr>\n<td>26.<\/td>\n<td colspan=\"4\" width=\"350\">OOZ Maribor, Titova cesta 63, 2000 Maribor<\/td>\n<td>OZS<\/td>\n<td><\/td>\n<\/tr>\n<tr>\n<td>27.<\/td>\n<td colspan=\"4\" width=\"350\">OOZS Ljutomer, Stari trg 3, 9240 Ljutomer<\/td>\n<td>\u0160C Ptuj<\/td>\n<td><\/td>\n<\/tr>\n<tr>\n<td>28.<\/td>\n<td colspan=\"4\" width=\"350\">MIC &#8211; \u0160C Ptuj, Volkmerjeva cesta 19, 2250 Ptuj<\/td>\n<td>\u0160C Ptuj<\/td>\n<td><\/td>\n<\/tr>\n<tr>\n<td colspan=\"5\"><strong>03 Koro\u0161ka<\/strong><\/td>\n<td><\/td>\n<td><\/td>\n<\/tr>\n<tr>\n<td>29.<\/td>\n<td colspan=\"4\" width=\"350\">Gostilna Murko, Francetova cesta 24, 2380 Slovenj Gradec<\/td>\n<td>S\u0160GT Maribor<\/td>\n<td><\/td>\n<\/tr>\n<tr>\n<td>30.<\/td>\n<td colspan=\"4\" width=\"350\">OOZ Ravne na Koro\u0161kem, Ga\u010dnikova pot 3, 2390 Ravne na Koro\u0161kem<\/td>\n<td>OZS<\/td>\n<td>TERMIN ZAPOLNJEN!<\/td>\n<\/tr>\n<tr>\n<td>31.<\/td>\n<td colspan=\"4\" width=\"350\">Gosposvetska cesta 2, 2380 Slovenj Gradec<\/td>\n<td>\u0160C Slovenj Gradec<\/td>\n<td><\/td>\n<\/tr>\n<tr>\n<td>32.<\/td>\n<td colspan=\"4\" width=\"350\">Gosposvetska cesta 2, 2380 Slovenj Gradec<\/td>\n<td>\u0160C Slovenj Gradec<\/td>\n<td>TERMIN ZAPOLNJEN!<\/td>\n<\/tr>\n<tr>\n<td>33.<\/td>\n<td colspan=\"4\" width=\"350\">Gosposvetska cesta 2, 2380 Slovenj Gradec<\/td>\n<td>\u0160C Slovenj Gradec<\/td>\n<td><\/td>\n<\/tr>\n<tr>\n<td>34.<\/td>\n<td colspan=\"4\" width=\"350\">Gosposvetska cesta 2, 2380 Slovenj Gradec<\/td>\n<td>\u0160C Slovenj Gradec<\/td>\n<td><\/td>\n<\/tr>\n<tr>\n<td>35.<\/td>\n<td colspan=\"4\" width=\"350\">Gosposvetska cesta 2, 2380 Slovenj Gradec<\/td>\n<td>\u0160C Slovenj Gradec<\/td>\n<td><\/td>\n<\/tr>\n<tr>\n<td>36.<\/td>\n<td colspan=\"4\" width=\"350\">Gosposvetska cesta 2, 2380 Slovenj Gradec<\/td>\n<td>\u0160C Slovenj Gradec<\/td>\n<td><\/td>\n<\/tr>\n<tr>\n<td colspan=\"5\"><strong>04 Savinjska<\/strong><\/td>\n<td><\/td>\n<td><\/td>\n<\/tr>\n<tr>\n<td>37.<\/td>\n<td colspan=\"4\" width=\"350\">Cesta na kmetijsko \u0161olo 9, 3230 \u0160entjur<\/td>\n<td>\u0160C \u0160entjur<\/td>\n<td>TERMIN ZAPOLNJEN!<\/td>\n<\/tr>\n<tr>\n<td>38.<\/td>\n<td colspan=\"4\" width=\"350\">Cesta na kmetijsko \u0161olo 9, 3230 \u0160entjur<\/td>\n<td>\u0160C \u0160entjur<\/td>\n<td>TERMIN ZAPOLNJEN!<\/td>\n<\/tr>\n<tr>\n<td>39.<\/td>\n<td colspan=\"4\" width=\"350\">Cesta na kmetijsko \u0161olo 9, 3230 \u0160entjur<\/td>\n<td>\u0160C \u0160entjur<\/td>\n<td><\/td>\n<\/tr>\n<tr>\n<td>40.<\/td>\n<td colspan=\"4\" width=\"350\">Ljubljanska 97, 3000 Celje<\/td>\n<td>\u0160HVU Celje<\/td>\n<td>TERMIN ZAPOLNJEN!<\/td>\n<\/tr>\n<tr>\n<td>41.<\/td>\n<td colspan=\"4\" width=\"350\">Ljubljanska 97, 3000 Celje<\/td>\n<td>\u0160HVU Celje<\/td>\n<td><\/td>\n<\/tr>\n<tr>\n<td>42.<\/td>\n<td colspan=\"4\" width=\"350\">Ljubljanska 97, 3000 Celje<\/td>\n<td>\u0160HVU Celje<\/td>\n<td><\/td>\n<\/tr>\n<tr>\n<td>43.<\/td>\n<td colspan=\"4\" width=\"350\">Tattenbachova ulica 2a, 3210 Slovenske Konjice<\/td>\n<td>\u0160C Slovenske Konjice-Zre\u010de<\/td>\n<td><\/td>\n<\/tr>\n<tr>\n<td>44.<\/td>\n<td colspan=\"4\" width=\"350\">Tattenbachova ulica 2a, 3210 Slovenske Konjice<\/td>\n<td>\u0160C Slovenske Konjice-Zre\u010de<\/td>\n<td>\u00a0TERMIN ZAPOLNJEN!<\/td>\n<\/tr>\n<tr>\n<td>45.<\/td>\n<td colspan=\"4\" width=\"350\">Trg svobode 4, 3270 La\u0161ko<\/td>\n<td>\u0160C Slovenske Konjice-Zre\u010de<\/td>\n<td><\/td>\n<\/tr>\n<tr>\n<td>46.<\/td>\n<td colspan=\"4\" width=\"350\">Tattenbachova ulica 2a, 3210 Slovenske Konjice<\/td>\n<td>\u0160C Slovenske Konjice-Zre\u010de<\/td>\n<td><\/td>\n<\/tr>\n<tr>\n<td>47.<\/td>\n<td colspan=\"4\" width=\"350\">Kosovelova ulica 2, 3000 Celje<\/td>\n<td>S\u0160GT Celje<\/td>\n<td><\/td>\n<\/tr>\n<tr>\n<td>48.<\/td>\n<td colspan=\"4\" width=\"350\">Kosovelova ulica 2, 3000 Celje<\/td>\n<td>S\u0160GT Celje<\/td>\n<td>TERMIN ZAPOLNJEN!<\/td>\n<\/tr>\n<tr>\n<td>49.<\/td>\n<td colspan=\"4\" width=\"350\">Kosovelova ulica 2, 3000 Celje<\/td>\n<td>S\u0160GT Celje<\/td>\n<td>TERMIN ZAPOLNJEN!<\/td>\n<\/tr>\n<tr>\n<td>50.<\/td>\n<td colspan=\"4\" width=\"350\">Kosovelova ulica 2, 3000 Celje<\/td>\n<td>S\u0160GT Celje<\/td>\n<td><\/td>\n<\/tr>\n<tr>\n<td>51.<\/td>\n<td colspan=\"4\" width=\"350\">Kosovelova ulica 2, 3000 Celje<\/td>\n<td>S\u0160GT Celje<\/td>\n<td><\/td>\n<\/tr>\n<tr>\n<td>52.<\/td>\n<td colspan=\"4\" width=\"350\">Kosovelova ulica 2, 3000 Celje<\/td>\n<td>S\u0160GT Celje<\/td>\n<td><\/td>\n<\/tr>\n<tr>\n<td colspan=\"5\"><strong>05 Zasavska<\/strong><\/td>\n<td><\/td>\n<td><\/td>\n<\/tr>\n<tr>\n<td>53.<\/td>\n<td colspan=\"4\" width=\"350\">Cesta zmage 5, 1410 Zagorje ob Savi<\/td>\n<td>Srednja \u0161ola Zagorje<\/td>\n<td><\/td>\n<\/tr>\n<tr>\n<td>54.<\/td>\n<td colspan=\"4\" width=\"350\">Cesta zmage 5, 1410 Zagorje ob Savi<\/td>\n<td>Srednja \u0161ola Zagorje<\/td>\n<td>TERMIN ZAPOLNJEN!<\/td>\n<\/tr>\n<tr>\n<td>55.<\/td>\n<td colspan=\"4\" width=\"350\">Cesta zmage 5, 1410 Zagorje ob Savi<\/td>\n<td>Srednja \u0161ola Zagorje<\/td>\n<td><\/td>\n<\/tr>\n<tr>\n<td>56.<\/td>\n<td colspan=\"4\" width=\"350\">Cesta zmage 5, 1410 Zagorje ob Savi<\/td>\n<td>Srednja \u0161ola Zagorje<\/td>\n<td><\/td>\n<\/tr>\n<tr>\n<td>57.<\/td>\n<td colspan=\"4\" width=\"350\">Cesta zmage 35, 1410 Zagorje ob Savi<\/td>\n<td>OZS<\/td>\n<td>TERMIN ZAPOLNJEN!<\/td>\n<\/tr>\n<tr>\n<td>58.<\/td>\n<td colspan=\"4\" width=\"350\">Trg Franca Fakina 8, 1420 Trbovlje<\/td>\n<td>\u0160C Slovenske Konjice-Zre\u010de<\/td>\n<td><\/td>\n<\/tr>\n<tr>\n<td>59.<\/td>\n<td colspan=\"4\" width=\"350\">GZS, Podvine 26, 1410 Zagorje ob Savi<\/td>\n<td>GZS<\/td>\n<td><\/td>\n<\/tr>\n<tr>\n<td colspan=\"5\"><strong>06 Posavska<\/strong><\/td>\n<td><\/td>\n<td><\/td>\n<\/tr>\n<tr>\n<td>60.<\/td>\n<td colspan=\"4\" width=\"350\">Slom\u0161kov dom Bre\u017eice, Cesta prvih borcev 34, 8250 Bre\u017eice<\/td>\n<td>GRM Novo mesto<\/td>\n<td>TERMIN ZAPOLNJEN!<\/td>\n<\/tr>\n<tr>\n<td>61.<\/td>\n<td colspan=\"4\" width=\"350\">OOZ Kr\u0161ko, C. Kr\u0161kih \u017ertev 67, 8270 Kr\u0161ko<\/td>\n<td>OZS<\/td>\n<td>TERMIN ZAPOLNJEN!<\/td>\n<\/tr>\n<tr>\n<td>62.<\/td>\n<td colspan=\"4\" width=\"350\">GZS, Bohori\u010deva 89, 8270 Kr\u0161ko<\/td>\n<td>GZS<\/td>\n<td><\/td>\n<\/tr>\n<tr>\n<td>63.<\/td>\n<td colspan=\"4\" width=\"350\">GZS, Bohori\u010deva 89, 8270 Kr\u0161ko<\/td>\n<td>GZS<\/td>\n<td><\/td>\n<\/tr>\n<tr>\n<td>64.<\/td>\n<td colspan=\"4\" width=\"350\">GZS, Bohori\u010deva 89, 8270 Kr\u0161ko<\/td>\n<td>GZS<\/td>\n<td><\/td>\n<\/tr>\n<tr>\n<td colspan=\"5\"><strong>07 Jugovzhodna Slovenija<\/strong><\/td>\n<td><\/td>\n<td><\/td>\n<\/tr>\n<tr>\n<td>65.<\/td>\n<td colspan=\"4\" width=\"350\">Sevno 13, 8000 Novo mesto<\/td>\n<td>GRM Novo mesto<\/td>\n<td>TERMIN ZAPOLNJEN!<\/td>\n<\/tr>\n<tr>\n<td>66.<\/td>\n<td colspan=\"4\" width=\"350\">Sevno 13, 8000 Novo mesto<\/td>\n<td>GRM Novo mesto<\/td>\n<td>TERMIN ZAPOLNJEN!<\/td>\n<\/tr>\n<tr>\n<td>67.<\/td>\n<td colspan=\"4\" width=\"350\">Sevno 13, 8000 Novo mesto<\/td>\n<td>GRM Novo mesto<\/td>\n<td>TERMIN ZAPOLNJEN!<\/td>\n<\/tr>\n<tr>\n<td>68.<\/td>\n<td colspan=\"4\" width=\"350\">Sevno 13, 8000 Novo mesto<\/td>\n<td>GRM Novo mesto<\/td>\n<td><\/td>\n<\/tr>\n<tr>\n<td>69.<\/td>\n<td colspan=\"4\" width=\"350\">Sevno 13, 8000 Novo mesto<\/td>\n<td>GRM Novo mesto<\/td>\n<td><\/td>\n<\/tr>\n<tr>\n<td>70.<\/td>\n<td colspan=\"4\" width=\"350\">Sevno 13, 8000 Novo mesto<\/td>\n<td>VS\u0160KV Ljubljana<\/td>\n<td><\/td>\n<\/tr>\n<tr>\n<td>71.<\/td>\n<td colspan=\"4\" width=\"350\">Sevno 13, 8000 Novo mesto<\/td>\n<td>VS\u0160KV Ljubljana<\/td>\n<td><\/td>\n<\/tr>\n<tr>\n<td>72.<\/td>\n<td colspan=\"4\" width=\"350\">OOZ \u010crnomelj, \u00a0Ulica 21.oktobra 10, 8340 \u010crnomelj<\/td>\n<td>OZS<\/td>\n<td>TERMIN ZAPOLNJEN!<\/td>\n<\/tr>\n<tr>\n<td>73.<\/td>\n<td colspan=\"4\" width=\"350\">OOZ Novo mesto, Foersterjeva ulica 10, 8000 Novo mesto<\/td>\n<td>OZS<\/td>\n<td><\/td>\n<\/tr>\n<tr>\n<td colspan=\"5\"><strong>08 Primorsko-notranjska<\/strong><\/td>\n<td><\/td>\n<td><\/td>\n<\/tr>\n<tr>\n<td>74.<\/td>\n<td colspan=\"4\" width=\"350\">Tr\u017ea\u0161ka cesta 36, 6230 Postojna<\/td>\n<td>SGL\u0160 Postojna<\/td>\n<td>TERMIN ZAPOLNJEN!<\/td>\n<\/tr>\n<tr>\n<td>75.<\/td>\n<td colspan=\"4\">Tr\u017ea\u0161ka cesta 36, 6230 Postojna<\/td>\n<td>SGL\u0160 Postojna<\/td>\n<td>TERMIN ZAPOLNJEN!<\/td>\n<\/tr>\n<tr>\n<td>76.<\/td>\n<td colspan=\"4\">Tr\u017ea\u0161ka cesta 36, 6230 Postojna<\/td>\n<td>SGL\u0160 Postojna<\/td>\n<td><\/td>\n<\/tr>\n<tr>\n<td>77.<\/td>\n<td colspan=\"4\">Tr\u017ea\u0161ka cesta 36, 6230 Postojna<\/td>\n<td>SGL\u0160 Postojna<\/td>\n<td><\/td>\n<\/tr>\n<tr>\n<td>78.<\/td>\n<td colspan=\"4\" width=\"350\">GZS, Cankarjeva ulica 6, 6230 Postojna<\/td>\n<td>GZS<\/td>\n<td><\/td>\n<\/tr>\n<tr>\n<td style=\"text-align: right;\" colspan=\"6\"><strong>IZVEDBE USPOSABLJANJ VZHOD SKUPAJ<\/strong><\/td>\n<td><strong>21<\/strong><\/td>\n<\/tr>\n<tr>\n<td colspan=\"7\" width=\"751\"><strong>ZAHODNA KOHEZIJSKA REGIJA\u00a0 (za skupno 1175 mentorjev)<\/strong><\/td>\n<\/tr>\n<tr>\n<td colspan=\"5\"><strong>09 Osrednjeslovenska<\/strong><\/td>\n<td><\/td>\n<td><\/td>\n<\/tr>\n<tr>\n<td>79.<\/td>\n<td colspan=\"4\" width=\"350\">I\u017eanska cesta 10, 1000 Ljubljana<\/td>\n<td>BIC Ljubljana<\/td>\n<td><\/td>\n<\/tr>\n<tr>\n<td>80.<\/td>\n<td colspan=\"4\" width=\"350\">I\u017eanska cesta 10, 1000 Ljubljana<\/td>\n<td>BIC Ljubljana<\/td>\n<td>TERMIN ZAPOLNJEN!<\/td>\n<\/tr>\n<tr>\n<td>81.<\/td>\n<td colspan=\"4\" width=\"350\">I\u017eanska cesta 10, 1000 Ljubljana<\/td>\n<td>BIC Ljubljana<\/td>\n<td>TERMIN ZAPOLNJEN!<\/td>\n<\/tr>\n<tr>\n<td>82.<\/td>\n<td colspan=\"4\" width=\"350\">I\u017eanska cesta 10, 1000 Ljubljana<\/td>\n<td>BIC Ljubljana<\/td>\n<td>TERMIN ZAPOLNJEN!<\/td>\n<\/tr>\n<tr>\n<td>83.<\/td>\n<td colspan=\"4\" width=\"350\">I\u017eanska cesta 10, 1000 Ljubljana<\/td>\n<td>BIC Ljubljana<\/td>\n<td>TERMIN ZAPOLNJEN!<\/td>\n<\/tr>\n<tr>\n<td>84.<\/td>\n<td colspan=\"4\" width=\"350\">I\u017eanska cesta 10, 1000 Ljubljana<\/td>\n<td>BIC Ljubljana<\/td>\n<td>TERMIN ZAPOLNJEN!<\/td>\n<\/tr>\n<tr>\n<td>85.<\/td>\n<td colspan=\"4\" width=\"350\">I\u017eanska cesta 10, 1000 Ljubljana<\/td>\n<td>BIC Ljubljana<\/td>\n<td>TERMIN ZAPOLNJEN!<\/td>\n<\/tr>\n<tr>\n<td>86.<\/td>\n<td colspan=\"4\" width=\"350\">I\u017eanska cesta 10, 1000 Ljubljana<\/td>\n<td>BIC Ljubljana<\/td>\n<td><\/td>\n<\/tr>\n<tr>\n<td>87.<\/td>\n<td colspan=\"4\" width=\"350\">I\u017eanska cesta 10, 1000 Ljubljana<\/td>\n<td>BIC Ljubljana<\/td>\n<td><\/td>\n<\/tr>\n<tr>\n<td>88.<\/td>\n<td colspan=\"4\" width=\"350\">I\u017eanska cesta 10, 1000 Ljubljana<\/td>\n<td>BIC Ljubljana<\/td>\n<td><\/td>\n<\/tr>\n<tr>\n<td>89.<\/td>\n<td colspan=\"4\" width=\"350\">I\u017eanska cesta 10, 1000 Ljubljana<\/td>\n<td>BIC Ljubljana<\/td>\n<td><\/td>\n<\/tr>\n<tr>\n<td>90.<\/td>\n<td colspan=\"4\" width=\"350\">I\u017eanska cesta 10, 1000 Ljubljana<\/td>\n<td>BIC Ljubljana<\/td>\n<td><\/td>\n<\/tr>\n<tr>\n<td>91.<\/td>\n<td colspan=\"4\" width=\"350\">I\u017eanska cesta 10, 1000 Ljubljana<\/td>\n<td>BIC Ljubljana<\/td>\n<td><\/td>\n<\/tr>\n<tr>\n<td>92.<\/td>\n<td colspan=\"4\" width=\"350\">Preglov trg 9, 1000 Ljubljana<\/td>\n<td>S\u0160GT v Ljubljani<\/td>\n<td>TERMIN ZAPOLNJEN!<\/td>\n<\/tr>\n<tr>\n<td>93.<\/td>\n<td colspan=\"4\">Preglov trg 9, 1000 Ljubljana<\/td>\n<td>S\u0160GT v Ljubljani<\/td>\n<td>TERMIN ZAPOLNJEN!<\/td>\n<\/tr>\n<tr>\n<td>94.<\/td>\n<td colspan=\"4\">Preglov trg 9, 1000 Ljubljana<\/td>\n<td>S\u0160GT v Ljubljani<\/td>\n<td><\/td>\n<\/tr>\n<tr>\n<td>95.<\/td>\n<td colspan=\"4\">Preglov trg 9, 1000 Ljubljana<\/td>\n<td>S\u0160GT v Ljubljani<\/td>\n<td><\/td>\n<\/tr>\n<tr>\n<td>96.<\/td>\n<td colspan=\"4\">Preglov trg 9, 1000 Ljubljana<\/td>\n<td>S\u0160GT v Ljubljani<\/td>\n<td><\/td>\n<\/tr>\n<tr>\n<td>97.<\/td>\n<td colspan=\"4\">Preglov trg 9, 1000 Ljubljana<\/td>\n<td>S\u0160GT v Ljubljani<\/td>\n<td><\/td>\n<\/tr>\n<tr>\n<td>98.<\/td>\n<td colspan=\"4\">Preglov trg 9, 1000 Ljubljana<\/td>\n<td>S\u0160GT v Ljubljani<\/td>\n<td><\/td>\n<\/tr>\n<tr>\n<td>99.<\/td>\n<td colspan=\"4\" width=\"350\">Glotta Nova, center za novo znanje, Poljanska cesta 95, 1000 Ljubljana<\/td>\n<td>VS\u0160KV Ljubljana<\/td>\n<td><\/td>\n<\/tr>\n<tr>\n<td>100.<\/td>\n<td colspan=\"4\" width=\"350\">Glotta Nova, center za novo znanje, Poljanska cesta 95, 1000 Ljubljana<\/td>\n<td>VS\u0160KV Ljubljana<\/td>\n<td>TERMIN ZAPOLNJEN!<\/td>\n<\/tr>\n<tr>\n<td>101.<\/td>\n<td colspan=\"4\" width=\"350\">Glotta Nova, center za novo znanje, Poljanska cesta 95, 1000 Ljubljana<\/td>\n<td>VS\u0160KV Ljubljana<\/td>\n<td><\/td>\n<\/tr>\n<tr>\n<td>102.<\/td>\n<td colspan=\"4\" width=\"350\">Glotta Nova, center za novo znanje, Poljanska cesta 95, 1000 Ljubljana<\/td>\n<td>VS\u0160KV Ljubljana<\/td>\n<td><\/td>\n<\/tr>\n<tr>\n<td>103.<\/td>\n<td colspan=\"4\" width=\"350\">Glotta Nova, center za novo znanje, Poljanska cesta 95, 1000 Ljubljana<\/td>\n<td>VS\u0160KV Ljubljana<\/td>\n<td><\/td>\n<\/tr>\n<tr>\n<td>104.<\/td>\n<td colspan=\"4\" width=\"350\">SCPET, Celjska ulica 16, 1000 Ljubljana<\/td>\n<td>GRM Novo mesto<\/td>\n<td><\/td>\n<\/tr>\n<tr>\n<td>105.<\/td>\n<td colspan=\"4\" width=\"350\">SCPET, Celjska ulica 16, 1000 Ljubljana<\/td>\n<td>GRM Novo mesto<\/td>\n<td><\/td>\n<\/tr>\n<tr>\n<td colspan=\"5\"><strong>10 Gorenjska<\/strong><\/td>\n<td><\/td>\n<td><\/td>\n<\/tr>\n<tr>\n<td>106.<\/td>\n<td colspan=\"4\" width=\"350\">Strahinj 99, 4202 Naklo<\/td>\n<td>BC Naklo<\/td>\n<td><\/td>\n<\/tr>\n<tr>\n<td>107.<\/td>\n<td colspan=\"4\" width=\"350\">Strahinj 99, 4202 Naklo<\/td>\n<td>BC Naklo<\/td>\n<td>TERMIN ZAPOLNJEN!<\/td>\n<\/tr>\n<tr>\n<td>108.<\/td>\n<td colspan=\"4\" width=\"350\">Strahinj 99, 4202 Naklo<\/td>\n<td>BC Naklo<\/td>\n<td>TERMIN ZAPOLNJEN!<\/td>\n<\/tr>\n<tr>\n<td>109.<\/td>\n<td colspan=\"4\" width=\"350\">Strahinj 99, 4202 Naklo<\/td>\n<td>BC Naklo<\/td>\n<td>TERMIN ZAPOLNJEN!<\/td>\n<\/tr>\n<tr>\n<td>110.<\/td>\n<td colspan=\"4\" width=\"350\">Strahinj 99, 4202 Naklo<\/td>\n<td>BC Naklo<\/td>\n<td><\/td>\n<\/tr>\n<tr>\n<td>111.<\/td>\n<td colspan=\"4\" width=\"350\">Strahinj 99, 4202 Naklo<\/td>\n<td>BC Naklo<\/td>\n<td><\/td>\n<\/tr>\n<tr>\n<td>112.<\/td>\n<td colspan=\"4\" width=\"350\">Strahinj 99, 4202 Naklo<\/td>\n<td>BC Naklo<\/td>\n<td><\/td>\n<\/tr>\n<tr>\n<td>113.<\/td>\n<td colspan=\"4\" width=\"350\">Strahinj 99, 4202 Naklo<\/td>\n<td>BC Naklo<\/td>\n<td><\/td>\n<\/tr>\n<tr>\n<td>114.<\/td>\n<td colspan=\"4\" width=\"350\">Ulica bratov Rupar 2, 4270 Jesenice<\/td>\n<td>S\u0160 Jesenice<\/td>\n<td><\/td>\n<\/tr>\n<tr>\n<td>115.<\/td>\n<td colspan=\"4\" width=\"350\">Ulica bratov Rupar 2, 4270 Jesenice<\/td>\n<td>S\u0160 Jesenice<\/td>\n<td>TERMIN ZAPOLNJEN!<\/td>\n<\/tr>\n<tr>\n<td>116.<\/td>\n<td colspan=\"4\" width=\"350\">Ulica bratov Rupar 2, 4270 Jesenice<\/td>\n<td>S\u0160 Jesenice<\/td>\n<td>TERMIN ZAPOLNJEN!<\/td>\n<\/tr>\n<tr>\n<td>117.<\/td>\n<td colspan=\"4\" width=\"350\">Ulica bratov Rupar 2, 4270 Jesenice<\/td>\n<td>S\u0160 Jesenice<\/td>\n<td><\/td>\n<\/tr>\n<tr>\n<td>118.<\/td>\n<td colspan=\"4\" width=\"350\">Ulica bratov Rupar 2, 4270 Jesenice<\/td>\n<td>S\u0160 Jesenice<\/td>\n<td><\/td>\n<\/tr>\n<tr>\n<td>119.<\/td>\n<td colspan=\"4\" width=\"350\">Ulica bratov Rupar 2, 4270 Jesenice<\/td>\n<td>S\u0160 Jesenice<\/td>\n<td><\/td>\n<\/tr>\n<tr>\n<td>120.<\/td>\n<td colspan=\"4\" width=\"350\">OOZ Kranj, Cesta Staneta \u017dagarja 37, \u00a04000 Kranj<\/td>\n<td>OZS<\/td>\n<td><\/td>\n<\/tr>\n<tr>\n<td>121.<\/td>\n<td colspan=\"4\" width=\"350\">OOZ \u0160kofja Loka, Spodnji trg 2, 4220 \u0160kofja Loka<\/td>\n<td>OZS<\/td>\n<td>TERMIN ZAPOLNJEN!<\/td>\n<\/tr>\n<tr>\n<td>122.<\/td>\n<td colspan=\"4\" width=\"350\">OOZ \u0160kofja Loka, Spodnji trg 2, 4220 \u0160kofja Loka<\/td>\n<td>OZS<\/td>\n<td><\/td>\n<\/tr>\n<tr>\n<td colspan=\"5\"><strong>11 Gori\u0161ka<\/strong><\/td>\n<td><\/td>\n<td><\/td>\n<\/tr>\n<tr>\n<td>123.<\/td>\n<td colspan=\"4\" width=\"350\">\u0160C Nova Gorica, Medpodjetni\u0161ki izobra\u017eevalni center, Cankarjeva\u00a0ulica 10, 5000 Nova Gorica<\/td>\n<td>VS\u0160KV Ljubljana<\/td>\n<td><\/td>\n<\/tr>\n<tr>\n<td>124.<\/td>\n<td colspan=\"4\" width=\"350\">\u0160C Nova Gorica, Medpodjetni\u0161ki izobra\u017eevalni center, Cankarjeva ulica 10, 5000 Nova Gorica<\/td>\n<td>VS\u0160KV Ljubljana<\/td>\n<td><\/td>\n<\/tr>\n<tr>\n<td>125.<\/td>\n<td colspan=\"4\" width=\"350\">\u0160C Nova Gorica, Medpodjetni\u0161ki izobra\u017eevalni center, Cankarjeva ulica 10, 5000 Nova Gorica<\/td>\n<td>VS\u0160KV Ljubljana<\/td>\n<td><\/td>\n<\/tr>\n<tr>\n<td>126.<\/td>\n<td colspan=\"4\" width=\"350\">Ulica padlih borcev 26, 5290 \u0160empeter pri Gorici<\/td>\n<td>BIC Ljubljana<\/td>\n<td>TERMIN ZAPOLNJEN!<\/td>\n<\/tr>\n<tr>\n<td>127.<\/td>\n<td colspan=\"4\" width=\"350\">Ulica padlih borcev 26, 5290 \u0160empeter pri Gorici<\/td>\n<td>BIC Ljubljana<\/td>\n<td><\/td>\n<\/tr>\n<tr>\n<td>128.<\/td>\n<td colspan=\"4\" width=\"350\">Ulica padlih borcev 26, 5290 \u0160empeter pri Gorici<\/td>\n<td>BIC Ljubljana<\/td>\n<td><\/td>\n<\/tr>\n<tr>\n<td>129.<\/td>\n<td colspan=\"4\" width=\"350\">Ulica padlih borcev 26, 5290 \u0160empeter pri Gorici<\/td>\n<td>BIC Ljubljana<\/td>\n<td><\/td>\n<\/tr>\n<tr>\n<td>130.<\/td>\n<td colspan=\"4\" width=\"350\">GZS, Sedejeva ulica 2a, 5000 Nova Gorica<\/td>\n<td>GZS<\/td>\n<td><\/td>\n<\/tr>\n<tr>\n<td>131.<\/td>\n<td colspan=\"4\" width=\"350\">GZS, Sedejeva ulica 2a, 5000 Nova Gorica<\/td>\n<td>GZS<\/td>\n<td>TERMIN ZAPOLNJEN!<\/td>\n<\/tr>\n<tr>\n<td colspan=\"5\"><strong>12 Obalno-kra\u0161ka<\/strong><\/td>\n<td><\/td>\n<td><\/td>\n<\/tr>\n<tr>\n<td>132.<\/td>\n<td colspan=\"4\" width=\"350\">ST\u0160, \u0160marska\u00a0 cesta 4,\u00a0 6000 Koper<\/td>\n<td>SGL\u0160 Postojna<\/td>\n<td>TERMIN ZAPOLNJEN!<\/td>\n<\/tr>\n<tr>\n<td>133.<\/td>\n<td colspan=\"4\">\u0160marska\u00a0 cesta 4,\u00a0 6000 Koper<\/td>\n<td>SGL\u0160 Postojna<\/td>\n<td>TERMIN ZAPOLNJEN!<\/td>\n<\/tr>\n<tr>\n<td>134.<\/td>\n<td colspan=\"4\">\u0160marska cesta 4, 6000 Koper<\/td>\n<td>SGL\u0160 Postojna<\/td>\n<td><\/td>\n<\/tr>\n<tr>\n<td>135.<\/td>\n<td colspan=\"4\" width=\"350\">\u0160marska cesta 4, 6000 Koper<\/td>\n<td>SGL\u0160 Postojna<\/td>\n<td><\/td>\n<\/tr>\n<tr>\n<td>136.<\/td>\n<td colspan=\"4\">\u0160marska cesta 4, 6000 Koper<\/td>\n<td>SGL\u0160 Postojna<\/td>\n<td><\/td>\n<\/tr>\n<tr>\n<td>137.<\/td>\n<td colspan=\"4\" width=\"350\">LIfeClass hotel, Obala 33, 6320 Portoro\u017e<\/td>\n<td>VS\u0160KV Ljubljana<\/td>\n<td>TERMIN ZAPOLNJEN!<\/td>\n<\/tr>\n<tr>\n<td>138.<\/td>\n<td colspan=\"4\" width=\"350\">Izobra\u017eevalni center Memory, Dutovlje 32, 6221 Dutovlje<\/td>\n<td>VS\u0160KV Ljubljana<\/td>\n<td><\/td>\n<\/tr>\n<tr>\n<td>139.<\/td>\n<td colspan=\"4\" width=\"350\">OOZ Se\u017eana, Kra\u0161ka ulica 6, 6210 Se\u017eana<\/td>\n<td>OZS<\/td>\n<td><\/td>\n<\/tr>\n<tr>\n<td>140.<\/td>\n<td colspan=\"4\" width=\"350\">OOZ Se\u017eana, Kra\u0161ka ulica 6, 6210 Se\u017eana<\/td>\n<td>OZS<\/td>\n<td><\/td>\n<\/tr>\n<tr>\n<td>141.<\/td>\n<td colspan=\"4\" width=\"350\">Ulica prekomorskih brigad 7, 6310 Izola<\/td>\n<td>Srednja gostinska \u0161ola Izola<\/td>\n<td>\u00a0TERMIN ZAPOLNJEN!<\/td>\n<\/tr>\n<tr>\n<td>142.<\/td>\n<td colspan=\"4\" width=\"350\">Ulica prekomorskih brigad 7, 6310 Izola<\/td>\n<td>Srednja gostinska \u0161ola Izola<\/td>\n<td><\/td>\n<\/tr>\n<tr>\n<td>143.<\/td>\n<td colspan=\"4\" width=\"350\">Ulica prekomorskih brigad 7, 6310 Izola<\/td>\n<td>Srednja gostinska \u0161ola Izola<\/td>\n<td><\/td>\n<\/tr>\n<tr>\n<td>144.<\/td>\n<td colspan=\"4\" width=\"350\">Ulica prekomorskih brigad 7, 6310 Izola<\/td>\n<td>Srednja gostinska \u0161ola Izola<\/td>\n<td><\/td>\n<\/tr>\n<tr>\n<td style=\"text-align: right;\" colspan=\"6\"><strong>IZVEDBE USPOSABLJANJ ZAHOD SKUPAJ<\/strong><\/td>\n<td><strong>18<\/strong><\/td>\n<\/tr>\n<tr>\n<td style=\"text-align: right;\" colspan=\"6\"><strong>IZVEDBE USPOSABLJANJ VZHOD IN ZAHOD SKUPAJ<\/strong><\/td>\n<td><strong>39<\/strong><\/td>\n<\/tr>\n<\/tbody>\n<\/table>\n","protected":false},"excerpt":{"rendered":"<p>&nbsp; &nbsp; IZVEDBA USPOSABLJANJ MENTORJEV (najmanj tridnevna usposabljanja) za skupno 2500 mentorjev. Statisti\u010dna regija in kraj izvajanja Konzorcijski partner Leto 2017 VZHODNA KOHEZIJSKA REGIJA (za skupno 1325 mentorjev) 01 Pomurska 1. Terme 3000, Krajn\u010deva 12, 9226 Moravske toplice S\u0160GT Maribor TERMIN ZAPOLNJEN! 2. OOZ Murska Sobota, Lendavska 33, 9000 Murska Sobota OZS 3. DS\u0160 LENDAVA, [&hellip;]<\/p>\n","protected":false},"author":2,"featured_media":0,"parent":0,"menu_order":0,"comment_status":"closed","ping_status":"closed","template":"","meta":[],"_links":{"self":[{"href":"https:\/\/www.usposabljanje-mentorjev.si\/index.php\/wp-json\/wp\/v2\/pages\/68"}],"collection":[{"href":"https:\/\/www.usposabljanje-mentorjev.si\/index.php\/wp-json\/wp\/v2\/pages"}],"about":[{"href":"https:\/\/www.usposabljanje-mentorjev.si\/index.php\/wp-json\/wp\/v2\/types\/page"}],"author":[{"embeddable":true,"href":"https:\/\/www.usposabljanje-mentorjev.si\/index.php\/wp-json\/wp\/v2\/users\/2"}],"replies":[{"embeddable":true,"href":"https:\/\/www.usposabljanje-mentorjev.si\/index.php\/wp-json\/wp\/v2\/comments?post=68"}],"version-history":[{"count":84,"href":"https:\/\/www.usposabljanje-mentorjev.si\/index.php\/wp-json\/wp\/v2\/pages\/68\/revisions"}],"predecessor-version":[{"id":3562,"href":"https:\/\/www.usposabljanje-mentorjev.si\/index.php\/wp-json\/wp\/v2\/pages\/68\/revisions\/3562"}],"wp:attachment":[{"href":"https:\/\/www.usposabljanje-mentorjev.si\/index.php\/wp-json\/wp\/v2\/media?parent=68"}],"curies":[{"name":"wp","href":"https:\/\/api.w.org\/{rel}","templated":true}]}}